2 and 10602?
342
What is the highest common factor of 98363 and 501?
167
Calculate the highest common divisor of 3436960 and 60.
20
Calculate the greatest common factor of 345 and 67551.
69
What is the highest common factor of 773656 and 86?
86
What is the greatest common factor of 192 and 73536?
192
Calculate the highest common divisor of 3 and 81.
3
Calculate the highest common factor of 6435 and 16830.
495
Calculate the highest common divisor of 450 and 40210.
10
What is the greatest common divisor of 48441 and 482?
241
What is the greatest common divisor of 32784 and 120?
24
Calculate the highest common divisor of 728 and 11843.
13
Calculate the highest common factor of 31064 and 8.
8
What is the greatest common divisor of 1919 and 248763?
101
Calculate the greatest common divisor of 233928 and 4161.
57
What is the greatest common divisor of 76 and 2565076?
76
What is the greatest common factor of 12 and 369156?
12
Calculate the greatest common divisor of 4670 and 70.
10
Calculate the highest common factor of 1832175 and 153.
153
Calculate the highest common divisor of 49 and 86877.
49
Calculate the highest common factor of 28 and 4528.
4
What is the highest common factor of 182160 and 345?
345
What is the highest common factor of 5280 and 202840?
440
Calculate the greatest common factor of 30976 and 365376.
704
What is the greatest common factor of 10 and 72840?
10
Calculate the highest common divisor of 1836 and 324.
108
What is the highest common factor of 124686 and 216?
54
Calculate the highest common divisor of 1 and 811479.
1
What is the greatest common divisor of 88668 and 162?
54
What is the greatest common factor of 392 and 11270392?
392
Calculate the greatest common divisor of 1280 and 985280.
320
What is the greatest common divisor of 90 and 5508?
18
What is the highest common factor of 28 and 239488?
4
Calculate the highest common divisor of 40383 and 63.
63
Calculate the highest common divisor of 3628 and 926.
2
Calculate the greatest common factor of 275888 and 301.
43
Calculate the greatest common factor of 58653 and 504.
63
What is the greatest common divisor of 943 and 444727?
41
What is the highest common factor of 5713 and 1682?
29
Calculate the highest common divisor of 65 and 85985.
5
What is the greatest common divisor of 115804 and 4420?
884
Calculate the highest common factor of 22321 and 1222.
13
What is the highest common factor of 4355 and 80?
5
Calculate the highest common factor of 1086 and 786.
6
What is the greatest common divisor of 342884 and 92?
92
Calculate the highest common divisor of 3998856 and 48.
24
Calculate the highest common divisor of 141220 and 2760.
460
Calculate the greatest common factor of 6608 and 560.
112
Calculate the greatest common divisor of 24438 and 198.
6
Calculate the greatest common divisor of 33390 and 35510.
530
Calculate the greatest common factor of 158626 and 26.
26
Calculate the highest common factor of 11244 and 8844.
12
What is the highest common factor of 48 and 424176?
48
What is the greatest common divisor of 30360 and 8625?
345
What is the greatest common divisor of 9031896 and 799?
799
What is the greatest common divisor of 70 and 85645?
35
What is the highest common factor of 1426 and 23374?
62
Calculate the highest common divisor of 960 and 465.
15
What is the highest common divisor of 327 and 1576794?
327
What is the highest common factor of 11544 and 129?
3
What is the highest common divisor of 1541224 and 329?
47
Calculate the highest common divisor of 4321 and 783.
29
What is the highest common factor of 504559 and 11?
11
What is the highest common divisor of 4353 and 69?
3
What is the highest common divisor of 735 and 19425?
105
What is the highest common factor of 5555729 and 6063?
2021
What is the highest common divisor of 148995 and 220?
55
Calculate the highest common factor of 26672 and 400.
16
Calculate the greatest common divisor of 119 and 32354.
7
What is the greatest common divisor of 25 and 1188375?
25
Calculate the greatest common divisor of 12 and 1721466.
6
Calculate the highest common factor of 979932 and 4572.
1524
What is the greatest common factor of 265700 and 800?
100
What is the greatest common factor of 313530 and 210?
210
What is the greatest common factor of 6256 and 14059?
17
What is the highest common divisor of 2116 and 2898?
46
Calculate the greatest common divisor of 40 and 951460.
20
What is the highest common divisor of 946771 and 1085?
217
Calculate the highest common factor of 128 and 161984.
64
Calculate the greatest common divisor of 637 and 27495.
13
Calculate the highest common factor of 286 and 65.
13
Calculate the highest common divisor of 16 and 625720.
8
Calculate the greatest common divisor of 46 and 6960904.
46
What is the greatest common divisor of 42123 and 6441?
57
What is the greatest common divisor of 5645 and 15?
5
Calculate the greatest common divisor of 5918820 and 20.
20
Calculate the highest common divisor of 939 and 57.
3
What is the highest common divisor of 108 and 24813?
27
What is the greatest common divisor of 93107 and 987?
329
What is the highest common factor of 35 and 130235?
35
What is the greatest common factor of 37 and 5885701?
37
What is the greatest common divisor of 62376 and 69?
69
What is the highest common divisor of 3487162 and 4648?
1162
Calculate the highest common divisor of 87437 and 21.
7
What is the highest common divisor of 219192 and 456?
24
Calculate the highest common factor of 32 and 145528.
8
Calculate the highest common factor of 2538 and 1410.
282
What is the greatest common divisor of 194524 and 44?
44
What is the highest common divisor of 67 and 54203?
67
Calculate the greatest common factor of 392 and 150969.
49
What is the highest common factor of 64 and 529472?
64
Calculate the highest common divisor of 414316 and 364.
28
What is the highest common divisor of 267 and 82681?
89
What is the highest common factor of 10989 and 5049?
297
What is the greatest common factor of 16 and 112688?
16
Calculate the highest common divisor of 7927 and 2.
1
Calculate the greatest common factor of 108 and 8647182.
54
What is the greatest common factor of 11966 and 10422?
386
Calculate the greatest common factor of 7285 and 341.
31
Calculate the greatest common divisor of 1072 and 26872.
8
Calculate the greatest common divisor of 4830 and 1476370.
1610
Calculate the greatest common divisor of 355 and 423515.
355
Calculate the greatest common factor of 855418 and 38.
38
What is the greatest common divisor of 30 and 1096890?
30
Calculate the highest common factor of 83668 and 234.
26
What is the highest common factor of 686 and 1408701?
343
What is the highest common factor of 11613 and 2499?
147
Calculate the highest common factor of 5789175 and 525.
525
Calculate the greatest common factor of 570238 and 4.
2
What is the greatest common divisor of 2539107 and 8127?
1161
What is the highest common divisor of 20967 and 22654?
241
Calculate the highest common divisor of 5978 and 1358.
14
What is the highest common divisor of 14040 and 130140?
540
Calculate the greatest common divisor of 385 and 31273.
11
What is the greatest common factor of 4 and 3203656?
4
Calculate the highest common factor of 3498 and 726.
66
Calculate the highest common factor of 286 and 1794.
26
What is the greatest common divisor of 16039 and 3?
1
Calculate the highest common divisor of 1734 and 37570.
578
Calculate the highest common divisor of 609105 and 15.
15
What is the highest common factor of 8912 and 128?
16
What is the greatest common factor of 35087 and 13?
13
Calculate the greatest common factor of 160 and 78820.
20
What is the highest common factor of 106785 and 226?
113
What is the greatest common divisor of 396 and 4770?
18
What is the greatest common factor of 22 and 60896?
22
Calculate the greatest common divisor of 136667 and 76.
19
Calculate the highest common divisor of 2226 and 280.
14
Calculate the greatest common factor of 448272 and 120.
24
Calculate the highest common factor of 216 and 595440.
72
What is the highest common divisor of 230 and 110170?
230
What is the highest common divisor of 70 and 162785?
35
Calculate the highest common divisor of 285 and 2455655.
95
Calculate the greates